{"id":1594,"date":"2026-01-13T10:49:59","date_gmt":"2026-01-13T10:49:59","guid":{"rendered":"https:\/\/staging.gipiservice.com\/?post_type=product&#038;p=1594"},"modified":"2026-01-13T10:50:03","modified_gmt":"2026-01-13T10:50:03","slug":"mop-con-bande-500-gr","status":"publish","type":"product","link":"https:\/\/gipiservice.com\/index.php\/prodotto\/mop-con-bande-500-gr\/","title":{"rendered":"Mop con bande 500 gr"},"content":{"rendered":"<div class=\"row\">\n<div class=\"col-sm-6\">\n<div class=\"field field--name-field-tech-1 field--type-entity-reference-text field--label-hidden field--items\">\n<div class=\"field--item\">\n<div class=\"tt-term-label\"><a href=\"https:\/\/www.falpi.com\/it\/taxonomy\/term\/17\">Misure disponibili<\/a><\/div>\n<div class=\"tt-term-value\">gr 500<\/div>\n<\/div>\n<div class=\"field--item\">\n<div class=\"tt-term-label\"><a href=\"https:\/\/www.falpi.com\/it\/taxonomy\/term\/12\">Colore del filato<\/a><\/div>\n<div class=\"tt-term-value\">greggio<\/div>\n<\/div>\n<div class=\"field--item\">\n<div class=\"tt-term-label\"><a href=\"https:\/\/www.falpi.com\/it\/taxonomy\/term\/56\">Colore della banda<\/a><\/div>\n<div class=\"tt-term-value\">greggio<\/div>\n<\/div>\n<div class=\"field--item\">\n<div class=\"tt-term-label\"><a href=\"https:\/\/www.falpi.com\/it\/taxonomy\/term\/26\">Etichetta di riferimento<\/a><\/div>\n<div class=\"tt-term-value\">Ecolabel<\/div>\n<\/div>\n<\/div>\n<\/div>\n<div class=\"col-sm-6\">\n<div class=\"field field--name-field-tech-2 field--type-entity-reference-text field--label-hidden field--items\">\n<div class=\"field--item\">\n<div class=\"tt-term-label\"><a href=\"https:\/\/www.falpi.com\/it\/taxonomy\/term\/14\">Composizione del filato<\/a><\/div>\n<div class=\"tt-term-value\">80% cotone rigenerato<br \/>\n10% poliestere<br \/>\n10% altre fibre<\/div>\n<\/div>\n<div class=\"field--item\">\n<div class=\"tt-term-label\"><a href=\"https:\/\/www.falpi.com\/it\/taxonomy\/term\/16\">Istruzioni di lavaggio<\/a><\/div>\n<div class=\"tt-term-value\">lavare a 30\u00b0 C<br \/>\nNON usare prodotti a base cloro<\/div>\n<\/div>\n<div class=\"field--item\">\n<div class=\"tt-term-label\"><a href=\"https:\/\/www.falpi.com\/it\/taxonomy\/term\/18\">Resistenza ai lavaggi<\/a><\/div>\n<div class=\"tt-term-value\">circa 50\/60 in sacco di rete<br \/>\ncirca 30 liberi in macchina<\/div>\n<\/div>\n<div class=\"field--item\">\n<div class=\"tt-term-label\"><a href=\"https:\/\/www.falpi.com\/it\/taxonomy\/term\/19\">Confezione<\/a><\/div>\n<div class=\"tt-term-value\">25 pezzi<\/div>\n<\/div>\n<\/div>\n<\/div>\n<\/div>\n","protected":false},"excerpt":{"rendered":"<p>Ricambio mop per lavaggio della pavimentazioni costituito da ammasso di fili ritorti ed uniti tra loro mediante tre bande in cotone.<\/p>\n<p>La banda centrale viene fissata al manico mediante una pinza mop universale<\/p>\n<p>Le due bande laterali, che fissano le frange esternamente tra loro, ne evitano un eccessivo sbandieramento durante l\u2019utilizzo ed i fili ritorti non sono tagliati all\u2019estremit\u00e0.<\/p>\n<p>Grande capacit\u00e0 di assorbimento di acqua e di trattenimento dello sporco sono le caratteristiche peculiari del Mop.<\/p>\n<p>La qualit\u00e0 del prodotto e le sue performances ambientali sono garantite dal marchio Ecolabel<\/p>\n","protected":false},"featured_media":117,"comment_status":"open","ping_status":"closed","template":"","meta":[],"product_brand":[],"product_cat":[17,464],"product_tag":[48,49,50],"class_list":{"0":"post-1594","1":"product","2":"type-product","3":"status-publish","4":"has-post-thumbnail","6":"product_cat-attrezzature","7":"product_cat-lavaggio-pavimenti-con-mop-ad-acqua-pavimenti","8":"product_tag-mocio-lavaggio-pavimenti","9":"product_tag-mop-lavaggio-pavimenti","10":"product_tag-mop-tradizionale","12":"first","13":"instock","14":"taxable","15":"shipping-taxable","16":"purchasable","17":"product-type-simple"},"yoast_head":"<!-- This site is optimized with the Yoast SEO plugin v26.8 - https:\/\/yoast.com\/product\/yoast-seo-wordpress\/ -->\n<title>Mop con bande 500 gr<\/title>\n<meta name=\"robots\" content=\"index, follow, max-snippet:-1, max-image-preview:large, max-video-preview:-1\" \/>\n<link rel=\"canonical\" href=\"https:\/\/gipiservice.com\/index.php\/prodotto\/mop-con-bande-500-gr\/\" \/>\n<meta property=\"og:locale\" content=\"it_IT\" \/>\n<meta property=\"og:type\" content=\"article\" \/>\n<meta property=\"og:title\" content=\"Mop con bande 500 gr\" \/>\n<meta property=\"og:description\" content=\"Ricambio mop per lavaggio della pavimentazioni costituito da ammasso di fili ritorti ed uniti tra loro mediante tre bande in cotone.  La banda centrale viene fissata al manico mediante una pinza mop universale  Le due bande laterali, che fissano le frange esternamente tra loro, ne evitano un eccessivo sbandieramento durante l\u2019utilizzo ed i fili ritorti non sono tagliati all\u2019estremit\u00e0.  Grande capacit\u00e0 di assorbimento di acqua e di trattenimento dello sporco sono le caratteristiche peculiari del Mop.  La qualit\u00e0 del prodotto e le sue performances ambientali sono garantite dal marchio Ecolabel\" \/>\n<meta property=\"og:url\" content=\"https:\/\/gipiservice.com\/index.php\/prodotto\/mop-con-bande-500-gr\/\" \/>\n<meta property=\"og:site_name\" content=\"Gi.Pi Service Prodotti e macchine per la pulizia professionale\" \/>\n<meta property=\"article:modified_time\" content=\"2026-01-13T10:50:03+00:00\" \/>\n<meta property=\"og:image\" content=\"https:\/\/gipiservice.com\/wp-content\/uploads\/2026\/01\/mop.jpg\" \/>\n\t<meta property=\"og:image:width\" content=\"1500\" \/>\n\t<meta property=\"og:image:height\" content=\"1500\" \/>\n\t<meta property=\"og:image:type\" content=\"image\/jpeg\" \/>\n<meta name=\"twitter:card\" content=\"summary_large_image\" \/>\n<meta name=\"twitter:label1\" content=\"Tempo di lettura stimato\" \/>\n\t<meta name=\"twitter:data1\" content=\"1 minuto\" \/>\n<script type=\"application\/ld+json\" class=\"yoast-schema-graph\">{\"@context\":\"https:\/\/schema.org\",\"@graph\":[{\"@type\":\"WebPage\",\"@id\":\"https:\/\/gipiservice.com\/index.php\/prodotto\/mop-con-bande-500-gr\/\",\"url\":\"https:\/\/gipiservice.com\/index.php\/prodotto\/mop-con-bande-500-gr\/\",\"name\":\"Mop con bande 500 gr\",\"isPartOf\":{\"@id\":\"https:\/\/gipiservice.com\/#website\"},\"primaryImageOfPage\":{\"@id\":\"https:\/\/gipiservice.com\/index.php\/prodotto\/mop-con-bande-500-gr\/#primaryimage\"},\"image\":{\"@id\":\"https:\/\/gipiservice.com\/index.php\/prodotto\/mop-con-bande-500-gr\/#primaryimage\"},\"thumbnailUrl\":\"https:\/\/gipiservice.com\/wp-content\/uploads\/2026\/01\/mop.jpg\",\"datePublished\":\"2026-01-13T10:49:59+00:00\",\"dateModified\":\"2026-01-13T10:50:03+00:00\",\"breadcrumb\":{\"@id\":\"https:\/\/gipiservice.com\/index.php\/prodotto\/mop-con-bande-500-gr\/#breadcrumb\"},\"inLanguage\":\"it-IT\",\"potentialAction\":[{\"@type\":\"ReadAction\",\"target\":[\"https:\/\/gipiservice.com\/index.php\/prodotto\/mop-con-bande-500-gr\/\"]}]},{\"@type\":\"ImageObject\",\"inLanguage\":\"it-IT\",\"@id\":\"https:\/\/gipiservice.com\/index.php\/prodotto\/mop-con-bande-500-gr\/#primaryimage\",\"url\":\"https:\/\/gipiservice.com\/wp-content\/uploads\/2026\/01\/mop.jpg\",\"contentUrl\":\"https:\/\/gipiservice.com\/wp-content\/uploads\/2026\/01\/mop.jpg\",\"width\":1500,\"height\":1500},{\"@type\":\"BreadcrumbList\",\"@id\":\"https:\/\/gipiservice.com\/index.php\/prodotto\/mop-con-bande-500-gr\/#breadcrumb\",\"itemListElement\":[{\"@type\":\"ListItem\",\"position\":1,\"name\":\"Home\",\"item\":\"https:\/\/gipiservice.com\/\"},{\"@type\":\"ListItem\",\"position\":2,\"name\":\"Shop\",\"item\":\"https:\/\/gipiservice.com\/index.php\/shop\/\"},{\"@type\":\"ListItem\",\"position\":3,\"name\":\"Mop con bande 500 gr\"}]},{\"@type\":\"WebSite\",\"@id\":\"https:\/\/gipiservice.com\/#website\",\"url\":\"https:\/\/gipiservice.com\/\",\"name\":\"Gi.Pi Service Prodotti e macchine per la pulizia professionale\",\"description\":\"\",\"publisher\":{\"@id\":\"https:\/\/gipiservice.com\/#organization\"},\"potentialAction\":[{\"@type\":\"SearchAction\",\"target\":{\"@type\":\"EntryPoint\",\"urlTemplate\":\"https:\/\/gipiservice.com\/?s={search_term_string}\"},\"query-input\":{\"@type\":\"PropertyValueSpecification\",\"valueRequired\":true,\"valueName\":\"search_term_string\"}}],\"inLanguage\":\"it-IT\"},{\"@type\":\"Organization\",\"@id\":\"https:\/\/gipiservice.com\/#organization\",\"name\":\"Gi.Pi Service Prodotti e macchine per la pulizia professionale\",\"url\":\"https:\/\/gipiservice.com\/\",\"logo\":{\"@type\":\"ImageObject\",\"inLanguage\":\"it-IT\",\"@id\":\"https:\/\/gipiservice.com\/#\/schema\/logo\/image\/\",\"url\":\"https:\/\/gipiservice.com\/wp-content\/uploads\/2026\/01\/cropped-gipi-service-logo.webp\",\"contentUrl\":\"https:\/\/gipiservice.com\/wp-content\/uploads\/2026\/01\/cropped-gipi-service-logo.webp\",\"width\":183,\"height\":84,\"caption\":\"Gi.Pi Service Prodotti e macchine per la pulizia professionale\"},\"image\":{\"@id\":\"https:\/\/gipiservice.com\/#\/schema\/logo\/image\/\"}}]}<\/script>\n<!-- \/ Yoast SEO plugin. -->","yoast_head_json":{"title":"Mop con bande 500 gr","robots":{"index":"index","follow":"follow","max-snippet":"max-snippet:-1","max-image-preview":"max-image-preview:large","max-video-preview":"max-video-preview:-1"},"canonical":"https:\/\/gipiservice.com\/index.php\/prodotto\/mop-con-bande-500-gr\/","og_locale":"it_IT","og_type":"article","og_title":"Mop con bande 500 gr","og_description":"Ricambio mop per lavaggio della pavimentazioni costituito da ammasso di fili ritorti ed uniti tra loro mediante tre bande in cotone.  La banda centrale viene fissata al manico mediante una pinza mop universale  Le due bande laterali, che fissano le frange esternamente tra loro, ne evitano un eccessivo sbandieramento durante l\u2019utilizzo ed i fili ritorti non sono tagliati all\u2019estremit\u00e0.  Grande capacit\u00e0 di assorbimento di acqua e di trattenimento dello sporco sono le caratteristiche peculiari del Mop.  La qualit\u00e0 del prodotto e le sue performances ambientali sono garantite dal marchio Ecolabel","og_url":"https:\/\/gipiservice.com\/index.php\/prodotto\/mop-con-bande-500-gr\/","og_site_name":"Gi.Pi Service Prodotti e macchine per la pulizia professionale","article_modified_time":"2026-01-13T10:50:03+00:00","og_image":[{"width":1500,"height":1500,"url":"https:\/\/gipiservice.com\/wp-content\/uploads\/2026\/01\/mop.jpg","type":"image\/jpeg"}],"twitter_card":"summary_large_image","twitter_misc":{"Tempo di lettura stimato":"1 minuto"},"schema":{"@context":"https:\/\/schema.org","@graph":[{"@type":"WebPage","@id":"https:\/\/gipiservice.com\/index.php\/prodotto\/mop-con-bande-500-gr\/","url":"https:\/\/gipiservice.com\/index.php\/prodotto\/mop-con-bande-500-gr\/","name":"Mop con bande 500 gr","isPartOf":{"@id":"https:\/\/gipiservice.com\/#website"},"primaryImageOfPage":{"@id":"https:\/\/gipiservice.com\/index.php\/prodotto\/mop-con-bande-500-gr\/#primaryimage"},"image":{"@id":"https:\/\/gipiservice.com\/index.php\/prodotto\/mop-con-bande-500-gr\/#primaryimage"},"thumbnailUrl":"https:\/\/gipiservice.com\/wp-content\/uploads\/2026\/01\/mop.jpg","datePublished":"2026-01-13T10:49:59+00:00","dateModified":"2026-01-13T10:50:03+00:00","breadcrumb":{"@id":"https:\/\/gipiservice.com\/index.php\/prodotto\/mop-con-bande-500-gr\/#breadcrumb"},"inLanguage":"it-IT","potentialAction":[{"@type":"ReadAction","target":["https:\/\/gipiservice.com\/index.php\/prodotto\/mop-con-bande-500-gr\/"]}]},{"@type":"ImageObject","inLanguage":"it-IT","@id":"https:\/\/gipiservice.com\/index.php\/prodotto\/mop-con-bande-500-gr\/#primaryimage","url":"https:\/\/gipiservice.com\/wp-content\/uploads\/2026\/01\/mop.jpg","contentUrl":"https:\/\/gipiservice.com\/wp-content\/uploads\/2026\/01\/mop.jpg","width":1500,"height":1500},{"@type":"BreadcrumbList","@id":"https:\/\/gipiservice.com\/index.php\/prodotto\/mop-con-bande-500-gr\/#breadcrumb","itemListElement":[{"@type":"ListItem","position":1,"name":"Home","item":"https:\/\/gipiservice.com\/"},{"@type":"ListItem","position":2,"name":"Shop","item":"https:\/\/gipiservice.com\/index.php\/shop\/"},{"@type":"ListItem","position":3,"name":"Mop con bande 500 gr"}]},{"@type":"WebSite","@id":"https:\/\/gipiservice.com\/#website","url":"https:\/\/gipiservice.com\/","name":"Gi.Pi Service Prodotti e macchine per la pulizia professionale","description":"","publisher":{"@id":"https:\/\/gipiservice.com\/#organization"},"potentialAction":[{"@type":"SearchAction","target":{"@type":"EntryPoint","urlTemplate":"https:\/\/gipiservice.com\/?s={search_term_string}"},"query-input":{"@type":"PropertyValueSpecification","valueRequired":true,"valueName":"search_term_string"}}],"inLanguage":"it-IT"},{"@type":"Organization","@id":"https:\/\/gipiservice.com\/#organization","name":"Gi.Pi Service Prodotti e macchine per la pulizia professionale","url":"https:\/\/gipiservice.com\/","logo":{"@type":"ImageObject","inLanguage":"it-IT","@id":"https:\/\/gipiservice.com\/#\/schema\/logo\/image\/","url":"https:\/\/gipiservice.com\/wp-content\/uploads\/2026\/01\/cropped-gipi-service-logo.webp","contentUrl":"https:\/\/gipiservice.com\/wp-content\/uploads\/2026\/01\/cropped-gipi-service-logo.webp","width":183,"height":84,"caption":"Gi.Pi Service Prodotti e macchine per la pulizia professionale"},"image":{"@id":"https:\/\/gipiservice.com\/#\/schema\/logo\/image\/"}}]}},"jetpack_sharing_enabled":true,"_links":{"self":[{"href":"https:\/\/gipiservice.com\/index.php\/wp-json\/wp\/v2\/product\/1594","targetHints":{"allow":["GET"]}}],"collection":[{"href":"https:\/\/gipiservice.com\/index.php\/wp-json\/wp\/v2\/product"}],"about":[{"href":"https:\/\/gipiservice.com\/index.php\/wp-json\/wp\/v2\/types\/product"}],"replies":[{"embeddable":true,"href":"https:\/\/gipiservice.com\/index.php\/wp-json\/wp\/v2\/comments?post=1594"}],"wp:featuredmedia":[{"embeddable":true,"href":"https:\/\/gipiservice.com\/index.php\/wp-json\/wp\/v2\/media\/117"}],"wp:attachment":[{"href":"https:\/\/gipiservice.com\/index.php\/wp-json\/wp\/v2\/media?parent=1594"}],"wp:term":[{"taxonomy":"product_brand","embeddable":true,"href":"https:\/\/gipiservice.com\/index.php\/wp-json\/wp\/v2\/product_brand?post=1594"},{"taxonomy":"product_cat","embeddable":true,"href":"https:\/\/gipiservice.com\/index.php\/wp-json\/wp\/v2\/product_cat?post=1594"},{"taxonomy":"product_tag","embeddable":true,"href":"https:\/\/gipiservice.com\/index.php\/wp-json\/wp\/v2\/product_tag?post=1594"}],"curies":[{"name":"wp","href":"https:\/\/api.w.org\/{rel}","templated":true}]}}